ose -2789 = -11*m + 1116. What is the greatest common divisor of m and 5?
5
Suppose 0*y + 2*y = -2, -49 = -4*k + y. Calculate the highest common divisor of 378 and k.
6
Suppose -5*a + 1068 = 3*n, -5*n = 172*a - 174*a + 452. Calculate the highest common divisor of a and 540.
108
Let q(z) = -z + 22. Let s be q(-11). Suppose 3*v + 59 = 2*r, -2*r + 2*v = 3*r - 120. What is the greatest common divisor of r and s?
11
Suppose -26*i - 3080 = -70*i. Calculate the highest common factor of 14 and i.
14
Let l(f) = f**3 - 16*f**2 + f + 13. Let w be l(16). Let i(g) = g**2 + 4*g + 4. Let p be i(-4). Let b = w - p. What is the highest common factor of 5 and b?
5
Let g be 40 + (4/(-4))/(-1). Suppose 2*o = d - 9 - 10, -2*d = -3*o - g. Let h = 45 - d. Calculate the highest common divisor of 160 and h.
20
Suppose 5*x = 42 - 32. Calculate the highest common divisor of x and 46.
2
Let j = 204 - 79. Suppose -5*b + j = 5*m, 3*m = -3*b + 7*m + 75. What is the highest common divisor of 225 and b?
25
Let n be 3 - 3/(6 - (-87)/(-14)). Let h be (1 + 67)*(-3)/(-4). What is the highest common factor of h and n?
17
Suppose -2*d = -0*d + 12. Let l be ((-24)/(-15))/(d/(-135) - 0). Let p be (-110)/(-6) + 2/(-6). What is the greatest common divisor of l and p?
18
Let c be (2/(-1))/((-3)/33). Suppose 4*w = r + c, -w + 0*w + 11 = -3*r. Let o(h) = 3*h + 3. Let t be o(w). Calculate the highest common factor of 162 and t.
18
Let a be (1/(-3) - (-533)/(-39))*8. Let s = 247 + a. What is the greatest common factor of s and 54?
27
Suppose 77 = -14*t + 3*t. Let z(s) = s**2 + s - 35. Let n be z(t). Calculate the highest common divisor of n and 56.
7
Let j be (1 - 5) + 145/5. Let s be ((-110)/3)/((-6)/45). What is the highest common factor of s and j?
25
Let v(p) be the first derivative of p**2/2 - 13. Let n be v(6). Calculate the highest common factor of n and 54.
6
Suppose 0 = -5*o + 346 + 39. Calculate the highest common factor of o and 7.
7
Suppose 3*k + 3*l = -2 + 8, 5*k - 10 = l. Suppose -3*v - 9 = 0, j + k*v = 1 - 2. Suppose 0 = 2*c - j - 7. What is the highest common divisor of 6 and c?
6
Let q = 259 - 256. Let d be 5 - (-1 - (0 - 0)). Suppose d = -q*p + 222. What is the greatest common factor of p and 9?
9
Let a(k) = -16*k. Let m be (-9)/12*1*-8. Let w be a(m). Let c be w/(-20)*15/6. Calculate the greatest common factor of c and 24.
12
Suppose -909*n = -902*n - 1470. What is the highest common factor of n and 15?
15
Let u(o) = 19*o + 7*o**2 - 28*o + 2*o**2 - 2*o**2. Let n be u(6). Calculate the highest common divisor of n and 18.
18
Let v(n) be the second derivative of -19/2*n**2 + 6*n + 2/3*n**3 + 0. Let h be v(10). Calculate the greatest common factor of 7 and h.
7
Let o(u) = 3*u - 3. Let x be o(6). Calculate the greatest common divisor of x and 165.
15
Let k be (-1)/4 - 39/4. Let x = k + 24. Suppose 4*n - 171 = -4*g + 3*g, -5*n + 5*g + 195 = 0. What is the greatest common factor of x and n?
14
Let z(b) = 5*b**2 - 90*b + 80. Let u be z(18). Calculate the greatest common factor of u and 5.
5
Let d(b) = -b**3 + 9*b**2 - b + 1. Let v be d(5). Let z = v + -65. Calculate the highest common divisor of 31 and z.
31
Let t = -77 - -131. Let d be ((-18)/t)/(2/(-2022)). Suppose 5*s = 4*q + 452, -3*s - s = 5*q - d. Calculate the highest common factor of s and 11.
11
Let d = 103 - 61. Suppose 5*x = 4*x - m + d, 189 = 5*x - 2*m. What is the greatest common divisor of x and 351?
39
Suppose 22*j = 17*j + 5*x + 695, x = -j + 147. What is the greatest common divisor of 22 and j?
11
Let m(q) = 4*q**3 + 8*q**2 + 8*q - 7. Let t be m(2). What is the greatest common divisor of t and 1825?
73
Suppose -23*n - 570 = -26*n. Suppose 0 = 8*g + 2*g - n. What is the greatest common divisor of g and 76?
19
Suppose 3 - 9 = -6*d. Let g be (-4 + d)*22/(-6). Suppose -4*o - 4*y + 99 = -301, -o + 95 = -4*y. Calculate the greatest common factor of o and g.
11
Let k = -81 - -83. What is the greatest common factor of 62 and k?
2
Let h(j) = j**3 - j**2 + 21*j - 18. Let y be h(6). What is the highest common factor of y and 9?
9
Let q(w) = -w**3 - 9*w**2 - 7*w + 11. Let j be q(-8). Calculate the greatest common factor of 24 and j.
3
Suppose 0 = -2*g - 19 - 11. Let j be 6/g*((-60)/(-3))/(-2). What is the greatest common factor of j and 44?
4
Let y(v) = 3*v**2 + 29*v - 60. Let p be y(2). What is the greatest common divisor of p and 860?
10
Suppose 23 = h + 5. Suppose 7*r - 8*r = 79. Let a = r - -151. What is the greatest common factor of a and h?
18
Let a = 21 + -27. Let v be -12*(3/a + 0). Suppose 5*u + 3*o = 650, -v*o = -4*u - 2*o + 520. What is the highest common factor of u and 52?
26
Let y(a) = 2*a + 98. Let l be y(-14). What is the highest common factor of 14 and l?
14
Let c(b) = -b**2 + 26*b - 147. Let r be c(14). What is the highest common divisor of 24 and r?
3
Let k = 114 + 133. What is the greatest common divisor of 13 and k?
13
Suppose 15 = 3*j - 30. Let l = j - -17. Calculate the highest common divisor of 80 and l.
16
Let h(s) = -2*s**2 - 10*s - 2. Let a be h(-3). What is the highest common divisor of a and 35?
5
Suppose 0 = -6*b + 129*b - 25830. What is the highest common factor of 266 and b?
14
Let q = -291 - -295. Calculate the highest common divisor of 22 and q.
2
Suppose 6595 = 39*g - 2414. What is the greatest common divisor of 539 and g?
77
Suppose 5*a + 29 = j, 2*j - 62 = -2*a + 56. What is the highest common factor of 48 and j?
6
Let p be (0 + -2 - -3) + (5 - -9). Suppose t + 26 = 131. Calculate the highest common factor of p and t.
15
Let f be 14 - 16 - (-45 - -4). What is the greatest common factor of f and 143?
13
Suppose -5*m = -m - 440. Suppose t + m = 6*t. Let q(h) = -7*h - 58. Let p be q(-13). What is the highest common factor of t and p?
11
Let c = -716 - -824. What is the highest common factor of c and 468?
36
Suppose 311*w - 312*w = -1056. What is the greatest common factor of w and 33?
33
Let w(d) = d**3 + 5*d**2 - 5*d + 5. Let b be w(-6). Let u be (-94)/b + (-9 - -11). Calculate the highest common factor of u and 24.
24
Let k be (12 - 12) + (8 - 1). Suppose 4*d = -5*v + 16, 4*d - 3*v - 16 = -k*v. What is the highest common factor of 36 and d?
4
Let z be (89/(-2))/((-14)/168). Suppose 4*y + 58 = z. Let c = 229 - y. What is the highest common factor of c and 44?
22
Let o = -115 - -122. Suppose -h = -w - 54, -o*w = h - 4*w - 62. Calculate the highest common divisor of 8 and h.
8
Suppose -2*x + 1456 = 4*b, 1436 = 3*x - x - b. Suppose -13*t + x = -9*t. Calculate the greatest common factor of 72 and t.
36
Let g = 34 - 15. Suppose 3*t - 4*z = 5, 2*z + 1 + 6 = -3*t. Let h be (t + -17)*171/(-18). Calculate the greatest common divisor of g and h.
19
Let c(y) = 3*y - 10. Let r be c(4). Suppose 0*l + 120 = r*l. What is the highest common divisor of l and 24?
12
Suppose x + 0*x = 4*w + 26, -4*w = 2*x + 20. Let h be 1/(-3) + (-14)/w. Suppose -7 - 17 = -4*p. What is the highest common factor of h and p?
2
Suppose 3*a - 13 - 5 = 0. Suppose k - 3 = s, -k + a = 4*k + 4*s. Suppose -7*v + 30 = -k*v. What is the greatest common factor of 66 and v?
6
Let w(r) = -r**2 + 3. Suppose 11*p = 12*p. Let n be w(p). Let k = n + 7. Calculate the greatest common divisor of 10 and k.
10
Let y(i) = 141*i + 3059. Let n be y(-21). Suppose 2 = -s + 16. What is the greatest common divisor of n and s?
14
Let t = -198 - -242. Calculate the highest common factor of 110 and t.
22
Suppose -5*c = 5*k - 40, 2*k + 5*c - 9*c - 28 = 0. Suppose -3*a + 0*a = -3. Let u be (-1)/(a/20*-2). What is the highest common divisor of k and u?
10
Let v(m) = m**3 + 2*m**2 - m + 4. Let l(h) = h + 5. Let z be l(-3). Let o be v(z). What is the highest common factor of 90 and o?
18
Suppose -19 = -8*b + 5. Suppose 3*c + 5*q - 60 = 0, 5*c - b*q + 7*q = 100. What is the highest common factor of 220 and c?
20
Suppose 6*q - 8*q = -b + 276, 0 = -2*b + 5*q + 555. What is the greatest common divisor of 162 and b?
54
Let t = -63 + 103. Calculate the highest common divisor of 48 and t.
8
Let g be ((-111)/12)/(5/(-20)). Let m = g - 13. Calculate the greatest common divisor of 12 and m.
12
Let g = -28 - -59. Let z = 50 - g. Suppose -4*q + 2*o = o - 531, q + 3*o - 136 = 0. What is the highest common divisor of z and q?
19
Let b = -9 - -15. Suppose -3*z = -b*z. Supp